 the prime factors of 21197159.
21197159
List the prime factors of 26820181.
26820181
List the prime factors of 8135158.
2, 4067579
List the prime factors of 393414.
2, 3, 7, 17, 19, 29
What are the prime factors of 606226?
2, 41, 7393
List the prime factors of 6787086.
2, 3, 1131181
What are the prime factors of 890308?
2, 73, 3049
List the prime factors of 530522.
2, 265261
List the prime factors of 1391975.
5, 13, 4283
What are the prime factors of 372304?
2, 23269
What are the prime factors of 274547?
7, 13, 431
List the prime factors of 344220.
2, 3, 5, 5737
What are the prime factors of 13012898?
2, 2039, 3191
List the prime factors of 1453074.
2, 3, 7, 29, 1193
What are the prime factors of 71877?
3, 13, 19, 97
List the prime factors of 2621579.
2621579
What are the prime factors of 455392?
2, 7, 19, 107
List the prime factors of 13809469.
149, 92681
List the prime factors of 2606461.
11, 13, 1657
What are the prime factors of 16288554?
2, 3, 23, 118033
What are the prime factors of 2204390?
2, 5, 17, 12967
What are the prime factors of 1642666?
2, 821333
What are the prime factors of 352758?
2, 3, 7, 37, 227
List the prime factors of 274307.
11, 2267
List the prime factors of 2315928.
2, 3, 96497
List the prime factors of 1193709.
3, 11, 61, 593
What are the prime factors of 4380270?
2, 3, 5, 146009
What are the prime factors of 9230058?
2, 3, 170927
List the prime factors of 2726072.
2, 293, 1163
What are the prime factors of 1043692?
2, 13, 20071
What are the prime factors of 1120364?
2, 7, 40013
What are the prime factors of 843677?
843677
List the prime factors of 1280630.
2, 5, 13, 9851
What are the prime factors of 4364856?
2, 3, 60623
What are the prime factors of 14885494?
2, 13, 572519
List the prime factors of 632803.
31, 137, 149
List the prime factors of 3646640.
2, 5, 79, 577
List the prime factors of 6136918.
2, 109, 28151
List the prime factors of 2695510.
2, 5, 103, 2617
What are the prime factors of 8784517?
7, 19, 257
What are the prime factors of 424968?
2, 3, 17707
List the prime factors of 2727070.
2, 5, 19, 31, 463
What are the prime factors of 8254224?
2, 3, 11, 193
List the prime factors of 499988.
2, 239, 523
What are the prime factors of 2192175?
3, 5, 9743
What are the prime factors of 15057918?
2, 3, 19, 44029
List the prime factors of 927399.
3, 11, 157, 179
List the prime factors of 4250453.
4250453
What are the prime factors of 35927?
37, 971
List the prime factors of 1848332.
2, 173, 2671
List the prime factors of 14929635.
3, 5, 7, 29, 4903
What are the prime factors of 238393?
19, 12547
List the prime factors of 2239223.
7, 17, 31, 607
What are the prime factors of 549471?
3, 13, 73, 193
What are the prime factors of 732043?
13, 56311
List the prime factors of 871636.
2, 217909
List the prime factors of 583824.
2, 3, 12163
List the prime factors of 6681610.
2, 5, 13, 103, 499
List the prime factors of 3188495.
5, 637699
List the prime factors of 6484981.
6484981
What are the prime factors of 384634?
2, 192317
List the prime factors of 2422377.
3, 79, 3407
What are the prime factors of 498573?
3, 31, 1787
List the prime factors of 1068058.
2, 534029
What are the prime factors of 5455801?
13, 73, 5749
What are the prime factors of 790333?
790333
List the prime factors of 636289.
29, 37, 593
What are the prime factors of 2183863?
11, 198533
What are the prime factors of 291327?
3, 19, 269
List the prime factors of 63744.
2, 3, 83
List the prime factors of 835609.
835609
List the prime factors of 2757526.
2, 1378763
What are the prime factors of 20735625?
3, 5, 11059
What are the prime factors of 11122387?
11122387
What are the prime factors of 461159?
17, 27127
List the prime factors of 6886309.
17, 31, 73, 179
What are the prime factors of 12920369?
7, 11, 23971
List the prime factors of 167767.
127, 1321
What are the prime factors of 1957437?
3, 19, 11447
List the prime factors of 500625.
3, 5, 89
List the prime factors of 37350.
2, 3, 5, 83
List the prime factors of 1306932.
2, 3, 11, 9901
List the prime factors of 139363.
7, 43, 463
List the prime factors of 76237.
7, 10891
What are the prime factors of 357864?
2, 3, 13, 31, 37
List the prime factors of 378709.
17, 22277
What are the prime factors of 629871?
3, 11, 19087
List the prime factors of 2461281.
3, 820427
List the prime factors of 14604845.
5, 2920969
What are the prime factors of 2833223?
19, 41, 3637
List the prime factors of 49265.
5, 59, 167
What are the prime factors of 1139547?
3, 379849
What are the prime factors of 22708407?
3, 7569469
List the prime factors of 517965.
3, 5, 7, 4933
What are the prime factors of 22681?
37, 613
List the prime factors of 68864.
2, 269
List the prime factors of 19262000.
2, 5, 9631
What are the prime factors of 333108?
2, 3, 19, 487
What are the prime factors of 3230829?
3, 7, 51283
What are the prime factors of 122392?
2, 15299
What are the prime factors of 368708?
2, 92177
List the prime factors of 810394.
2, 13, 71, 439
What are the prime factors of 18045467?
11, 1640497
What are the prime factors of 6433263?
3, 79423
List the prime factors of 444648.
2, 3, 97, 191
What are the prime factors of 1978367?
733, 2699
List the prime factors of 5654944.
2, 61, 2897
What are the prime factors of 16656?
2, 3, 347
List the prime factors of 397645.
5, 67, 1187
List the prime factors of 2285281.
47, 48623
What are the prime factors of 19879777?
2689, 7393
What are the prime factors of 28438282?
2, 14219141
What are the prime factors of 155542?
2, 83, 937
What are the prime factors of 550751?
257, 2143
List the prime factors of 1433918.
2, 716959
What are the prime factors of 40719272?
2, 11, 462719
What are the prime factors of 23681078?
2, 11840539
List the prime factors of 10056372.
2, 3, 139, 6029
List the prime factors of 90745.
5, 18149
What are the prime factors of 78390?
2, 3, 5, 13, 67
What are the prime factors of 240944?
2, 11, 37
List the prime factors of 2442178.
2, 1221089
List the prime factors of 381385.
5, 83, 919
List the prime factors of 6178856.
2, 29, 26633
List the prime factors of 2355611.
307, 7673
What are the prime factors of 191881?
19, 10099
List the prime factors of 7440301.
11, 676391
What are the prime factors of 33419?
23, 1453
What are the prime factors of 571920?
2, 3, 5, 2383
List the prime factors of 483641.
83, 5827
List the prime factors of 1370907.
3, 19, 8017
List the prime factors of 280335.
3, 5, 11, 1699
What are the prime factors of 180536?
2, 22567
List the prime factors of 795196.
2, 61, 3259
What are the prime factors of 1999338?
2, 3, 11, 30293
What are the prime factors of 1004044?
2, 103, 2437
What are the prime factors of 6423027?
3, 13, 157, 1049
What are the prime factors of 109823?
7, 29, 541
What are the prime factors of 25159443?
3, 29, 289189
List the prime factors of 8110843.
13, 83, 7517
What are the prime factors of 5747245?
5, 7, 31, 5297
What are the prime factors of 666358?
2, 7, 11, 4327
List the prime factors of 2922976.
2, 7, 13049
What are the prime factors of 1125227?
47, 89, 269
List the prime factors of 392193.
3, 43577
What are the prime factors of 171154?
2, 85577
List the prime factors of 41425.
5, 1657
List the prime factors of 23695030.
2, 5, 29, 81707
List the prime factors of 1232333.
59, 20887
What are the prime factors of 112305?
3, 5, 7487
What are the prime factors of 1597084?
2, 399271
List the prime factors of 3416580.
2, 3, 5, 19, 37
List the prime factors of 575241.
3, 191747
List the prime factors of 22012537.
29, 759053
List the prime factors of 3458400.
2, 3, 5, 11, 131
List the prime factors of 937208.
2, 193, 607
List the prime factors of 4606052.
2, 11, 104683
List the prime factors of 567798.
2, 3, 7, 11, 1229
What are the prime factors of 14520?
2, 3, 5, 11
What are the prime factors of 280798?
2, 7, 31, 647
What are the prime factors of 345874?
2, 23, 73, 103
What are the prime factors of 54802?
2, 11, 47, 53
List the prime factors of 1694499.
3, 29, 19477
What are the prime factors of 429174?
2, 3, 113, 211
List the prime factors of 509822.
2, 254911
List the prime factors of 15261468.
2, 3, 61, 20849
What are the prime factors of 653557?
43, 15199
What are the prime factors of 417296?
2, 11, 2371
What are the pri